4
In base 13, what is -65 - 44?
-a9
In base 3, what is -121 - 12110?
-20001
In base 11, what is 601 - -3?
604
In base 14, what is 2 - 2?
0
In base 4, what is -2 - 33?
-101
In base 13, what is -49 - -7?
-42
In base 7, what is -162 - 13?
-205
In base 4, what is -133200 - -2?
-133132
In base 2, what is -101 + -100000?
-100101
In base 7, what is -1022 + -13?
-1035
In base 7, what is -2 + 612?
610
In base 3, what is 2120020 - 11?
2120002
In base 13, what is 781 + -1?
780
In base 13, what is 21 + 102?
123
In base 14, what is 5 + 27?
2c
In base 16, what is b6bb - 5?
b6b6
In base 10, what is 1 - 89?
-88
In base 16, what is 9 + de?
e7
In base 3, what is 212 - -21?
1010
In base 10, what is 10 - 43?
-33
In base 12, what is -1 - 26?
-27
In base 2, what is -10001 - 111?
-11000
In base 12, what is 4 - 365?
-361
In base 7, what is -1234 - 0?
-1234
In base 7, what is 3160 - -1?
3161
In base 15, what is -6b8 + -d?
-6c6
In base 5, what is -114 - 201?
-320
In base 6, what is -2 + -2313?
-2315
In base 16, what is -18c2 + -3?
-18c5
In base 13, what is -3b9 + 3?
-3b6
In base 10, what is -3217 - -1?
-3216
In base 8, what is 43 - 21?
22
In base 10, what is -12406 - -5?
-12401
In base 9, what is -1 + 20?
18
In base 11, what is -7 + 34?
28
In base 12, what is -4 - 83?
-87
In base 16, what is 128 - 4?
124
In base 12, what is 1 - -1114?
1115
In base 10, what is -8 + -3?
-11
In base 6, what is -322 + 13?
-305
In base 13, what is -685 - -5?
-680
In base 11, what is -32 + -7?
-39
In base 10, what is -3 + -1078?
-1081
In base 15, what is 4 + -104?
-100
In base 14, what is -20 - -15?
-9
In base 15, what is 47 - 79?
-32
In base 14, what is 3 - 8b?
-88
In base 6, what is -2 - 22?
-24
In base 3, what is 1122100 - 1?
1122022
In base 2, what is 110001 + -11?
101110
In base 2, what is 1100 - 110110?
-101010
In base 9, what is -4 + -235?
-240
In base 15, what is -2 + 58?
56
In base 12, what is -364 + 7?
-359
In base 3, what is -210 + -120011?
-120221
In base 6, what is 43 + 1?
44
In base 6, what is -14 - 42?
-100
In base 14, what is 90 - 0?
90
In base 10, what is -310 - 5?
-315
In base 12, what is 36 - 4?
32
In base 7, what is 0 - -430?
430
In base 6, what is 2 + -22?
-20
In base 2, what is -1011110 + 100?
-1011010
In base 14, what is -61 + 4b?
-14
In base 16, what is -1 - 99?
-9a
In base 8, what is 5223 - 3?
5220
In base 11, what is 25a - -8?
267
In base 15, what is eb - -1?
ec
In base 8, what is -5 - 231?
-236
In base 2, what is 1010101 - -101?
1011010
In base 5, what is -2 + 241?
234
In base 10, what is -66 + -18?
-84
In base 15, what is 11 + -3?
d
In base 5, what is -1303 + -2?
-1310
In base 12, what is 4 - a83?
-a7b
In base 14, what is 6 + 38?
40
In base 6, what is 4 - -34?
42
In base 15, what is 35 + 2?
37
In base 13, what is 4 + -6?
-2
In base 11, what is 64 + a?
73
In base 7, what is 13046 - 4?
13042
In base 7, what is 142 + 625?
1100
In base 6, what is 3 + -30?
-23
In base 11, what is -8 + 940?
933
In base 15, what is -1 + 49?
48
In base 12, what is 9614 + -5?
960b
In base 6, what is -305 - 1?
-310
In base 16, what is -d3 + -11?
-e4
In base 15, what is 2 - -82?
84
In base 3, what is 21122001 + -12?
21121212
In base 16, what is 2 + -29?
-27
In base 3, what is 2 - -1220021?
1220100
In base 16, what is 0 - 917?
-917
In base 4, what is -2 - -13023?
13021
In base 8, what is -327 - -1?
-326
In base 8, what is 516 + 1?
517
In base 6, what is -534 + -3?
-541
In base 15, what is -17b - 3?
-17e
In base 11, what is 1130 - 6?
1125
In base 6, what is 4 + 3?
11
In base 2, what is -111 - 11100?
-100011
In base 16, what is 3790 - 3?
378d
In base 15, what is -65 + 2?
-63
In base 9, what is -32 - 1?
-33
In base 10, what is 107 - 58?
49
In base 9, what is -5 - 43?
-48
In base 11, what is 418 + -5?
413
In base 3, what is -11000 + 0?
-11000
In base 2, what is -1000 + 1100011?
1011011
In base 15, what is 4 + 11a?
11e
In base 14, what is 68 + 3?
6b
In base 10, what is 1128 + -2?
1126
In base 11, what is 1 + 2282?
2283
In base 4, what is 3 - -1000?
1003
In base 9, what is -4610 + -4?
-4614
In base 11, what is 3 + 3557?
355a
In base 2, what is -1000110 - 101?
-1001011
In base 5, what is 3 - -210?
213
In base 7, what is 121 + -4?
114
In base 9, what is -370 + -4?
-374
In base 3, what is 110 + -1212?
-1102
In base 13, what is -5 + -155?
-15a
In base 5, what is 10101 + 2?
10103
In base 6, what is 1 + 13220?
13221
In base 15, what is -203 - 5?
-208
In base 3, what is -1 - -2112?
2111
In base 2, what is -101 + 1111?
1010
In base 10, what is -664 + -5?
-669
In base 4, what is -3221 - 31?
-3312
In base 8, what is -1 - 4174?
-4175
In base 5, what is 4114 - 3?
4111
In base 3, what is -101 - -2120?
2012
In base 5, what is -12303 + -34?
-12342
In base 9, what is -8 - -36?
27
In base 3, what is -12 + 20222?
20210
In base 9, what is -2 - 120?
-122
In base 13, what is -164 + 0?
-164
In base 9, what is 185 - 2?
183
In base 7, what is 54 - -12?
66
In base 16, what is 1f8 - -3?
1fb
In base 3, what is 20 + -111?
-21
In base 6, what is 1 + 2033?
2034
In base 7, what is -10 + -540?
-550
In base 7, what is 66 - 11?
55
In base 5, what is 30 - 1412?
-1332
In base 11, what is -7 + -1?
-8
In base 16, what is -359 + -3?
-35c
In base 14, what is -3370 - -4?
-336a
In base 6, what is -3 + -420?
-423
In base 9, what is -27 - -4?
-23
In base 3, what is 20200 + -2?
20121
In base 8, what is 33 - 543?
-510
In base 2, what is 10011011111 + 1?
10011100000
In base 16, what is 17 + -85?
-6e
In base 2, what is 1 - -101100011?
101100100
In base 4, what is -10 + 2313?
2303
In base 2, what is -1111 + 1000100011?
1000010100
In base 2, what is -1000 + 1000000?
111000
In base 12, what is -2a7 + -4?
-2ab
In base 14, what is -1 + -126?
-127
In base 8, what is 2 - -623?
625
In base 8, what is -121 + 0?
-121
In base 8, what is -11 - 14?
-25
In base 8, what is 2 - 4435?
-4433
In base 14, what is 1dd9 + 2?
1ddb
In base 12, what is -3a + 3?
-37
In base 10, what is 0 + 182?
182
In base 14, what is -31a7 - 3?
-31aa
In base 3, what is -21 + 10110?
10012
In base 2, what is -10 - -1?
-1
In base 6, what is -102 + 1214?
1112
In base 6, what is 50 - 40?
10
In base 2, what is 110 + -110111?
-110001
In base 3, what is 10 - -1201?
1211
In base 11, what is 2 + -930?
-929
In base 14, what is -6 + 38?
32
In base 5, what is -4401 - -4?
-4342
In base 4, what is 0 - 10321?
-10321
In base 15, what is -1 - 2b?
-2c
In base 8, what is -40354 + -5?
-40361
In base 6, what is 1344 + -3?
1341
In base 13, what is -17 + 2?
-15
In base 7, what is 4 - 10?
-3
In base 4, what is -21 - -133033?
133012
In base 7, what is 12 - 11?
1
In base 9, what is 1648 - 2?
1646
In base 11, what is -6 - a5?
-100
In base 3, what is 1212211 + 12?
1220000
In base 6, what is -12241 - 1?
-12242
In base 13, what is -150 + 3?
-14a
In base 7, what is 61 + 0?
61
In base 4, what is -1000 - 1310?
-2310
In base 7, what is -331 + 1?
-330
In base 3, what is 10201 + 2202?
20110
In base 3, what is 1100 - 21?
1002
In base 16, what is -13 - -1a?
7
In base 14, what is 3 - -122?
125
In base 7, what is 25264 - -3?
25300
In base 6, what is 251 + 0?
251
In base 11, what is 7 + -92?
-86
In base 5, what is 14 + 3?
22
In base 6, what is 103 + -5?
54
In base 14, what is -1 + ba?
b9
In base 13, what is 26 + 3?
29
In base 15, what is 42 + 3d?
80
In base 2, what is -110101 + -10110?
-1001011
In base 12, what is 12 - -80?
92
In base 5, what is 1 - 2?
-1
In base 6, what is -3501 - 4?
-3505
In base 13, what is 87 - -2?
89
In base 12, what is 97 + -5?
92
In base 3, what is 101010 - 11?
100222
In base 4, what is 101 - 13?
22
In base 9, what is 1 - 1675?
-1674
In base 9, what is 4 + 43?
47
In base 11, what is -19 - -31?
13
In base 14, what is -5 - -9a?
95
In base 7, what is -3522 + 3?
-3516
In base 4, what is 2003 - -2?
2011
In base 16, what is -7d - 1?
-7e
In base 3, what is -201011 - 2?
-201020
In base 2, what is -10001 - 1111?
-100000
In base 3, what is -1101 + 12?
-1012
In base 11, what is -2529 + 4?
-2525
In base 8, what is -25170 - -3?
-25165
In base 4, what is -2002 - 2?
-2010
In base 7, what is -4 + -443?
-450
In base 10, what is -105 - -34?
-71
In base 13, what is -64 - -4?
-60
In base 7, what is -130101 - -2?
-130066
In base 16, what is 3 - 1f?
-1c
In base 2, what is 111 - -11010011110?
11010100101
In base 2, what i